e hundreds digit of 1755?
7
What is the units digit of 83128?
8
What is the hundreds digit of 1587?
5
What is the units digit of 315?
5
What is the tens digit of 51258?
5
What is the thousands digit of 54144?
4
What is the thousands digit of 2078?
2
What is the thousands digit of 17918?
7
What is the tens digit of 721?
2
What is the hundreds digit of 27338?
3
What is the ten thousands digit of 19674?
1
What is the units digit of 6338?
8
What is the thousands digit of 5347?
5
What is the hundreds digit of 915?
9
What is the tens digit of 12900?
0
What is the thousands digit of 65182?
5
What is the tens digit of 861?
6
What is the thousands digit of 1687?
1
What is the tens digit of 2532?
3
What is the hundreds digit of 518?
5
What is the tens digit of 2232?
3
What is the tens digit of 14581?
8
What is the units digit of 53060?
0
What is the units digit of 43988?
8
What is the thousands digit of 4171?
4
What is the hundreds digit of 8310?
3
What is the thousands digit of 35465?
5
What is the hundreds digit of 1982?
9
What is the hundreds digit of 2480?
4
What is the thousands digit of 8922?
8
What is the units digit of 1974?
4
What is the tens digit of 136?
3
What is the thousands digit of 8194?
8
What is the tens digit of 1440?
4
What is the units digit of 23797?
7
What is the hundreds digit of 22530?
5
What is the hundreds digit of 2434?
4
What is the units digit of 17343?
3
What is the units digit of 6318?
8
What is the hundreds digit of 555?
5
What is the units digit of 4286?
6
What is the units digit of 18436?
6
What is the units digit of 175?
5
What is the thousands digit of 40770?
0
What is the units digit of 18134?
4
What is the units digit of 10189?
9
What is the tens digit of 45?
4
What is the hundreds digit of 31332?
3
What is the tens digit of 33047?
4
What is the tens digit of 20149?
4
What is the tens digit of 129226?
2
What is the tens digit of 30?
3
What is the thousands digit of 1209?
1
What is the units digit of 5366?
6
What is the ten thousands digit of 25356?
2
What is the tens digit of 2886?
8
What is the units digit of 12108?
8
What is the tens digit of 15864?
6
What is the tens digit of 6094?
9
What is the hundreds digit of 21485?
4
What is the ten thousands digit of 99615?
9
What is the thousands digit of 5598?
5
What is the thousands digit of 12265?
2
What is the tens digit of 7586?
8
What is the thousands digit of 2675?
2
What is the thousands digit of 2561?
2
What is the units digit of 1505?
5
What is the units digit of 3415?
5
What is the hundreds digit of 1713?
7
What is the tens digit of 15909?
0
What is the hundreds digit of 19771?
7
What is the tens digit of 777?
7
What is the units digit of 11313?
3
What is the tens digit of 1589?
8
What is the units digit of 3065?
5
What is the units digit of 7676?
6
What is the hundreds digit of 16464?
4
What is the hundred thousands digit of 148712?
1
What is the tens digit of 852?
5
What is the units digit of 10276?
6
What is the units digit of 1321?
1
What is the thousands digit of 16463?
6
What is the thousands digit of 1235?
1
What is the units digit of 300?
0
What is the units digit of 21684?
4
What is the hundreds digit of 319?
3
What is the units digit of 23805?
5
What is the hundred thousands digit of 142475?
1
What is the hundreds digit of 4843?
8
What is the hundreds digit of 620?
6
What is the tens digit of 338?
3
What is the units digit of 2656?
6
What is the hundreds digit of 7787?
7
What is the hundreds digit of 483?
4
What is the units digit of 24?
4
What is the hundreds digit of 14140?
1
What is the tens digit of 182?
8
What is the units digit of 1466?
6
What is the ten thousands digit of 20086?
2
What is the tens digit of 6943?
4
What is the tens digit of 78277?
7
What is the hundreds digit of 704?
7
What is the units digit of 356?
6
What is the tens digit of 1294?
9
What is the hundreds digit of 2434?
4
What is the hundred thousands digit of 120800?
1
What is the units digit of 184?
4
What is the units digit of 1050?
0
What is the units digit of 7729?
9
What is the tens digit of 8048?
4
What is the tens digit of 2325?
2
What is the thousands digit of 2116?
2
What is the thousands digit of 6446?
6
What is the units digit of 34467?
7
What is the ten thousands digit of 13719?
1
What is the hundreds digit of 1051?
0
What is the thousands digit of 4740?
4
What is the hundreds digit of 2454?
4
What is the units digit of 7361?
1
What is the hundreds digit of 654?
6
What is the units digit of 349?
9
What is the thousands digit of 17872?
7
What is the tens digit of 17981?
8
What is the tens digit of 326?
2
What is the units digit of 1185?
5
What is the units digit of 47234?
4
What is the hundreds digit of 848?
8
What is the tens digit of 12793?
9
What is the thousands digit of 4398?
4
What is the tens digit of 52131?
3
What is the units digit of 9677?
7
What is the hundreds digit of 894?
8
What is the hundreds digit of 29956?
9
What is the tens digit of 80049?
4
What is the hundreds digit of 854?
8
What is the hundreds digit of 412?
4
What is the units digit of 12625?
5
What is the hundreds digit of 3628?
6
What is the tens digit of 7266?
6
What is the thousands digit of 30171?
0
What is the thousands digit of 23652?
3
What is the units digit of 824?
4
What is the hundreds digit of 5307?
3
What is the units digit of 1762?
2
What is the tens digit of 1312?
1
What is the hundreds digit of 436?
4
What is the tens digit of 27536?
3
What is the tens digit of 603?
0
What is the ten thousands digit of 28926?
2
What is the thousands digit of 2383?
2
What is the thousands digit of 1835?
1
What is the hundreds digit of 11569?
5
What is the tens digit of 2533?
3
What is the thousands digit of 2802?
2
What is the ten thousands digit of 33789?
3
What is the thousands digit of 5217?
5
What is the tens digit of 707?
0
What is the ten thousands digit of 18696?
1
What is the units digit of 129014?
4
What is the tens digit of 2057?
5
What is the units digit of 463?
3
What is the hundreds digit of 1484?
4
What is the tens digit of 40080?
8
What is the tens digit of 31377?
7
What is the thousands digit of 1435?
1
What is the thousands digit of 15502?
5
What is the thousands digit of 47619?
7
What is the units digit of 778?
8
What is the thousands digit of 40498?
0
What is the thousands digit of 52100?
2
What is the hundreds digit of 2080?
0
What is the hundreds digit of 3547?
5
What is the tens digit of 472?
7
What is the tens digit of 1598?
9
What is the units digit of 478?
8
What is the ten thousands digit of 188888?
8
What is the thousands digit of 1128?
1
What is the thousands digit of 49167?
9
What is the tens digit of 1448?
4
What is the units digit of 822?
2
What is the hundreds digit of 146?
1
What is the units digit of 674?
4
What is the units digit of 2576?
6
What is the hundreds digit of 26262?
2
What is the thousands digit of 2228?
2
What is the thousands digit of 85762?
5
What is the thousands digit of 1856?
1
What is the hundreds digit of 4413?
4
What is the thousands digit of 3973?
3
What is the hundreds digit of 6898?
8
What is the tens digit of 1043?
4
What is the units digit of 15203?
3
What is the tens digit of 949?
4
What is the hundreds digit of 1199?
1
What is the hundreds digit of 801?
8
What is the units digit of 1706?
6
What is the units digit of 2653?
3
What is the tens digit of 10374?
7
What is the units digit of 5408?
8
What is the units digit of 16066?
6
What is the units digit of 3466?
6
What is the hundreds digit of 399?
3
What is the tens digit of 16636?
3
What is the hundred thousands digit of 105814?
1
What is the thousands digit of 3602?
3
What is the hundreds digit of 53321?
3
What is the tens digit of 1908?
0
What is the units digit of 474?
4
What is the hundreds digit of 3985?
9
What is the tens digit of 1097?
9
What is the hundreds digit of 13683?
6
What is the units digit of 871?
1
What is the hundreds digit of 1934?
9
What is the thousands digit of 2618?
2
What is the units digit of 12486?
6
What is the tens digit of 948?
4
What is the hundred thousands digit of 100897?
1
What is the hundreds digit of 2378?
3
What is the hundreds digit of 438?
4
What is the thousands digit of 2624?
2
What is the units digit of 8820?
0
What is the hundreds dig